{"id":1295,"date":"2015-04-13T09:34:44","date_gmt":"2015-04-13T08:34:44","guid":{"rendered":"http:\/\/www.tondointeractive.com\/lance8\/?post_type=product&#038;p=1295"},"modified":"2015-04-13T09:38:44","modified_gmt":"2015-04-13T08:38:44","slug":"perche","status":"publish","type":"product","link":"http:\/\/www.tondointeractive.com\/lance8\/produit\/perche\/","title":{"rendered":"perch\u00e9&#8230;"},"content":{"rendered":"<p><span class=\"fbPhotoTagListTag tagItem\"><strong>&#8220;Perch\u00e8&#8230;&#8221;<\/strong> Il <strong>DVD<\/strong> della <strong>Citt\u00e0 del Canto e della Poesia<\/strong><\/span>.<\/p>\n<p><strong>Rino, Crotone, musica, passato e futuro: intervista a Vincent Tondo<\/strong> &#8211; ref. &#8220;<strong>Il Pitagorico<\/strong>&#8221; &#8211; Blog d&#8217;Opinione :<br \/>\n<a href=\"https:\/\/ilpitagorico.wordpress.com\/2015\/04\/11\/rino-kr-musica-passato-e-futuro-intervista-a-vincent-tondo\/\">CLICCA QUI PER LEGGERE L&#8217;ARTICOLO<\/a><\/p>\n","protected":false},"excerpt":{"rendered":"<p>&#8220;Perch\u00e8&#8230;&#8221; Il DVD della Citt\u00e0 del Canto e della Poesia. Rino, Crotone, musica, passato e futuro: intervista a Vincent Tondo &#8211; ref. &#8220;Il Pitagorico&#8221; &#8211; Blog d&#8217;Opinione : CLICCA QUI PER LEGGERE L&#8217;ARTICOLO<\/p>\n","protected":false},"featured_media":1296,"comment_status":"open","ping_status":"closed","template":"","meta":[],"product_cat":[55],"product_tag":[],"yoast_head":"<!-- This site is optimized with the Yoast SEO plugin v18.0 - https:\/\/yoast.com\/wordpress\/plugins\/seo\/ -->\n<meta name=\"robots\" content=\"index, follow, max-snippet:-1, max-image-preview:large, max-video-preview:-1\" \/>\n<link rel=\"canonical\" href=\"http:\/\/www.tondointeractive.com\/lance8\/produit\/perche\/\" \/>\n<meta property=\"og:locale\" content=\"fr_FR\" \/>\n<meta property=\"og:type\" content=\"article\" \/>\n<meta property=\"og:title\" content=\"perch\u00e9... - Centre culturel italo-fran\u00e7ais\" \/>\n<meta property=\"og:description\" content=\"&#8220;Perch\u00e8&#8230;&#8221; Il DVD della Citt\u00e0 del Canto e della Poesia. Rino, Crotone, musica, passato e futuro: intervista a Vincent Tondo &#8211; ref. &#8220;Il Pitagorico&#8221; &#8211; Blog d&#8217;Opinione : CLICCA QUI PER LEGGERE L&#8217;ARTICOLO\" \/>\n<meta property=\"og:url\" content=\"http:\/\/www.tondointeractive.com\/lance8\/produit\/perche\/\" \/>\n<meta property=\"og:site_name\" content=\"Centre culturel italo-fran\u00e7ais\" \/>\n<meta property=\"article:modified_time\" content=\"2015-04-13T08:38:44+00:00\" \/>\n<meta property=\"og:image\" content=\"http:\/\/www.tondointeractive.com\/lance8\/wp-content\/uploads\/11149758_476236455859305_2068281305795676248_o.jpg\" \/>\n\t<meta property=\"og:image:width\" content=\"1000\" \/>\n\t<meta property=\"og:image:height\" content=\"1000\" \/>\n\t<meta property=\"og:image:type\" content=\"image\/jpeg\" \/>\n<meta name=\"twitter:card\" content=\"summary_large_image\" \/>\n<script type=\"application\/ld+json\" class=\"yoast-schema-graph\">{\"@context\":\"https:\/\/schema.org\",\"@graph\":[{\"@type\":\"WebSite\",\"@id\":\"http:\/\/www.tondointeractive.com\/lance8\/#website\",\"url\":\"http:\/\/www.tondointeractive.com\/lance8\/\",\"name\":\"Centre culturel italo-fran\u00e7ais\",\"description\":\"\",\"potentialAction\":[{\"@type\":\"SearchAction\",\"target\":{\"@type\":\"EntryPoint\",\"urlTemplate\":\"http:\/\/www.tondointeractive.com\/lance8\/?s={search_term_string}\"},\"query-input\":\"required name=search_term_string\"}],\"inLanguage\":\"fr-FR\"},{\"@type\":\"ImageObject\",\"@id\":\"http:\/\/www.tondointeractive.com\/lance8\/produit\/perche\/#primaryimage\",\"inLanguage\":\"fr-FR\",\"url\":\"http:\/\/www.tondointeractive.com\/lance8\/wp-content\/uploads\/11149758_476236455859305_2068281305795676248_o.jpg\",\"contentUrl\":\"http:\/\/www.tondointeractive.com\/lance8\/wp-content\/uploads\/11149758_476236455859305_2068281305795676248_o.jpg\",\"width\":1000,\"height\":1000},{\"@type\":\"WebPage\",\"@id\":\"http:\/\/www.tondointeractive.com\/lance8\/produit\/perche\/#webpage\",\"url\":\"http:\/\/www.tondointeractive.com\/lance8\/produit\/perche\/\",\"name\":\"perch\u00e9... - Centre culturel italo-fran\u00e7ais\",\"isPartOf\":{\"@id\":\"http:\/\/www.tondointeractive.com\/lance8\/#website\"},\"primaryImageOfPage\":{\"@id\":\"http:\/\/www.tondointeractive.com\/lance8\/produit\/perche\/#primaryimage\"},\"datePublished\":\"2015-04-13T08:34:44+00:00\",\"dateModified\":\"2015-04-13T08:38:44+00:00\",\"breadcrumb\":{\"@id\":\"http:\/\/www.tondointeractive.com\/lance8\/produit\/perche\/#breadcrumb\"},\"inLanguage\":\"fr-FR\",\"potentialAction\":[{\"@type\":\"ReadAction\",\"target\":[\"http:\/\/www.tondointeractive.com\/lance8\/produit\/perche\/\"]}]},{\"@type\":\"BreadcrumbList\",\"@id\":\"http:\/\/www.tondointeractive.com\/lance8\/produit\/perche\/#breadcrumb\",\"itemListElement\":[{\"@type\":\"ListItem\",\"position\":1,\"name\":\"Accueil\",\"item\":\"http:\/\/www.tondointeractive.com\/lance8\/\"},{\"@type\":\"ListItem\",\"position\":2,\"name\":\"Boutique\",\"item\":\"http:\/\/www.tondointeractive.com\/lance8\/\"},{\"@type\":\"ListItem\",\"position\":3,\"name\":\"perch\u00e9&#8230;\"}]}]}<\/script>\n<!-- \/ Yoast SEO plugin. -->","yoast_head_json":{"robots":{"index":"index","follow":"follow","max-snippet":"max-snippet:-1","max-image-preview":"max-image-preview:large","max-video-preview":"max-video-preview:-1"},"canonical":"http:\/\/www.tondointeractive.com\/lance8\/produit\/perche\/","og_locale":"fr_FR","og_type":"article","og_title":"perch\u00e9... - Centre culturel italo-fran\u00e7ais","og_description":"&#8220;Perch\u00e8&#8230;&#8221; Il DVD della Citt\u00e0 del Canto e della Poesia. Rino, Crotone, musica, passato e futuro: intervista a Vincent Tondo &#8211; ref. &#8220;Il Pitagorico&#8221; &#8211; Blog d&#8217;Opinione : CLICCA QUI PER LEGGERE L&#8217;ARTICOLO","og_url":"http:\/\/www.tondointeractive.com\/lance8\/produit\/perche\/","og_site_name":"Centre culturel italo-fran\u00e7ais","article_modified_time":"2015-04-13T08:38:44+00:00","og_image":[{"width":1000,"height":1000,"url":"http:\/\/www.tondointeractive.com\/lance8\/wp-content\/uploads\/11149758_476236455859305_2068281305795676248_o.jpg","type":"image\/jpeg"}],"twitter_card":"summary_large_image","schema":{"@context":"https:\/\/schema.org","@graph":[{"@type":"WebSite","@id":"http:\/\/www.tondointeractive.com\/lance8\/#website","url":"http:\/\/www.tondointeractive.com\/lance8\/","name":"Centre culturel italo-fran\u00e7ais","description":"","potentialAction":[{"@type":"SearchAction","target":{"@type":"EntryPoint","urlTemplate":"http:\/\/www.tondointeractive.com\/lance8\/?s={search_term_string}"},"query-input":"required name=search_term_string"}],"inLanguage":"fr-FR"},{"@type":"ImageObject","@id":"http:\/\/www.tondointeractive.com\/lance8\/produit\/perche\/#primaryimage","inLanguage":"fr-FR","url":"http:\/\/www.tondointeractive.com\/lance8\/wp-content\/uploads\/11149758_476236455859305_2068281305795676248_o.jpg","contentUrl":"http:\/\/www.tondointeractive.com\/lance8\/wp-content\/uploads\/11149758_476236455859305_2068281305795676248_o.jpg","width":1000,"height":1000},{"@type":"WebPage","@id":"http:\/\/www.tondointeractive.com\/lance8\/produit\/perche\/#webpage","url":"http:\/\/www.tondointeractive.com\/lance8\/produit\/perche\/","name":"perch\u00e9... - Centre culturel italo-fran\u00e7ais","isPartOf":{"@id":"http:\/\/www.tondointeractive.com\/lance8\/#website"},"primaryImageOfPage":{"@id":"http:\/\/www.tondointeractive.com\/lance8\/produit\/perche\/#primaryimage"},"datePublished":"2015-04-13T08:34:44+00:00","dateModified":"2015-04-13T08:38:44+00:00","breadcrumb":{"@id":"http:\/\/www.tondointeractive.com\/lance8\/produit\/perche\/#breadcrumb"},"inLanguage":"fr-FR","potentialAction":[{"@type":"ReadAction","target":["http:\/\/www.tondointeractive.com\/lance8\/produit\/perche\/"]}]},{"@type":"BreadcrumbList","@id":"http:\/\/www.tondointeractive.com\/lance8\/produit\/perche\/#breadcrumb","itemListElement":[{"@type":"ListItem","position":1,"name":"Accueil","item":"http:\/\/www.tondointeractive.com\/lance8\/"},{"@type":"ListItem","position":2,"name":"Boutique","item":"http:\/\/www.tondointeractive.com\/lance8\/"},{"@type":"ListItem","position":3,"name":"perch\u00e9&#8230;"}]}]}},"_links":{"self":[{"href":"http:\/\/www.tondointeractive.com\/lance8\/wp-json\/wp\/v2\/product\/1295"}],"collection":[{"href":"http:\/\/www.tondointeractive.com\/lance8\/wp-json\/wp\/v2\/product"}],"about":[{"href":"http:\/\/www.tondointeractive.com\/lance8\/wp-json\/wp\/v2\/types\/product"}],"replies":[{"embeddable":true,"href":"http:\/\/www.tondointeractive.com\/lance8\/wp-json\/wp\/v2\/comments?post=1295"}],"wp:featuredmedia":[{"embeddable":true,"href":"http:\/\/www.tondointeractive.com\/lance8\/wp-json\/wp\/v2\/media\/1296"}],"wp:attachment":[{"href":"http:\/\/www.tondointeractive.com\/lance8\/wp-json\/wp\/v2\/media?parent=1295"}],"wp:term":[{"taxonomy":"product_cat","embeddable":true,"href":"http:\/\/www.tondointeractive.com\/lance8\/wp-json\/wp\/v2\/product_cat?post=1295"},{"taxonomy":"product_tag","embeddable":true,"href":"http:\/\/www.tondointeractive.com\/lance8\/wp-json\/wp\/v2\/product_tag?post=1295"}],"curies":[{"name":"wp","href":"https:\/\/api.w.org\/{rel}","templated":true}]}}